 76?
33
-43 + 41 - 9 - -32
21
Calculate (-42 - (136 - 70)) + 90.
-18
Calculate (835 - 789) + -15 + 1 + -61.
-29
Calculate -294 + 264 - (61 - (3 - 8)).
-96
Evaluate 16 + 4 + -59 + 47.
8
-7 + 1 + 3 + -19 + 24 + -12
-10
Calculate 66 + -33 + -36 + (1 - 2 - 2) - -62.
56
(8 - (-6 - -2)) + 2900 + -2819
93
Calculate 102 + (-13 + -21 - -61 - 31).
98
What is 118 - (13 + 155 + -76)?
26
Evaluate 2 - -80 - (-14 - (14 + -34)).
76
(-3 - 1 - -8) + 2 + 23 + (-224 - -182)
-13
Calculate (-35 - (-30 + 2)) + -15 + 1.
-21
What is the value of 1 + -5 + (2 - 3) + 8 + (27 - 36)?
-6
Calculate 48 + 0 + -1 + -7 + (2 - 4).
38
Calculate -13 + 6 - (-8 + (-13 - (3 + 3))).
20
Evaluate (-20 - 0) + -65 + 126 - (-5 - 5).
51
Evaluate 15 - (-44 - (-60 + 53)).
52
(-24 - -90) + (11 - 37)
40
50 - (-22 + 15 + -7 + 28 + -11)
47
-10 - (-2 - 15) - ((0 - -1) + -1 - -1)
6
What is the value of -3 - (-14 - (-23 + 15)) - (-2 + -70)?
75
1840 + -1796 - (-14 + -1 + 1 + -14 + 17)
55
-21 + 12 + (-14 - -9) - -40
26
What is the value of -25 + 20 + (41 - 24) - 112?
-100
What is (-35 - -1) + 6 + 39 + -5?
6
What is the value of (52 - (53 + -42)) + -6?
35
What is 141 + -129 - (3 + 10 + -2 + 3)?
-2
Evaluate -148 + 143 + (1 - 1) - (19 - (13 + 119)).
108
What is the value of -4 + 23 + (-186 - -159) - -37?
29
Evaluate (5 - (3 + 3 + 6)) + (2 - (-95 + 4)).
86
(17 + 2 - 29) + 75 + -7 + -7
51
-1 - (-15 + -75 + -4 + 11 + -7)
89
What is the value of (-34 - -83) + -107 + 122?
64
Evaluate -1 - 14 - ((7 + -49 - -26) + 49 - 110).
62
What is the value of 5 + -52 - (-15 + (15 - (-19 + 20)))?
-46
Calculate (8 - 14) + (-17 - -21) + -6 - (68 + 1).
-77
Calculate -62 - -90 - 13 - (8 - 0 - 3 - -86).
-76
(-4 - (-27 - (-18 + 4))) + 32
41
Calculate 17 - (87 + (79 - 164)).
15
Calculate 4 + -11 - (85 - 5) - (-1 + 6 - 5).
-87
(99 - ((-6 - (4 - (1 + 7))) + 4)) + -10
87
Calculate 8 + -3 + (15 - (1 + 5) - (14 - 53)).
53
What is the value of 2 - 7 - (-5603 - -5580)?
18
Calculate 21 + 34 + -37 + 33 + -78.
-27
-12 - -54 - 43 - 60 - (2 - 2)
-61
Calculate -15 - (8 - -3) - -68.
42
Evaluate (-7 + (-1 - -1) + 1 - (-435 + 436)) + -9.
-16
Evaluate -30 + -93 + -66 + 126.
-63
What is the value of (1 - (7 - 0)) + -37?
-43
Calculate -254 + (232 - 93) + (-1 - -3) + 9.
-104
What is the value of 11 - ((55 - 44) + -56)?
56
What is the value of (-3 - -63) + 1520 + -1488?
92
Calculate -175 + 12 - (-384 - -316).
-95
What is (-82 - -1) + (-14731 - -14795)?
-17
273 + -124 - (-34 + 168)
15
What is the value of (1 - -45) + (-3249 - -3310)?
107
What is 42 + (23 - (-48 - -110))?
3
What is the value of -14 - (-21 + 34 + 3) - -27?
-3
71 + -6 + 2 + (2 - 14 - -1 - -6)
62
What is 20 + (-49 - -9) + -3 + (-2 - (2 + -2))?
-25
Evaluate 56 - (131 + 83 + -56).
-102
-2 + 0 + (-23 + (6 - -1) - (-110 + -49))
141
Evaluate -148 + 241 - 124 - -53.
22
Calculate -3 + (-3 + -19 - 1 - -7) + 106.
87
Evaluate (3 - -30) + -1 + 10 + 890 + -906.
26
What is (14 + 13 - 18) + -5 - 29?
-25
Calculate -25 + -11 + 4 - (126 - 137) - (-3 - -1).
-19
Calculate -38 + 17 + -15 - -34 - -85.
83
(1 + 4 - 54 - (-187 - -206)) + 4
-64
What is -54 + (-37 - -54) + -4?
-41
What is (41 - (58 - 29)) + -36 - -19?
-5
Evaluate 22 + 0 - (21 + 190 + -123).
-66
10 - 11 - ((-1 - 3 - (-4 + 3)) + -14)
16
(42 - (45 - 10)) + 7
14
What is (-8 - -1) + (16 - (5 + 18)) + 5 + 73?
64
What is the value of (-153 - 117 - -150) + 121?
1
What is the value of 0 + 44 - -3 - (14 + (8 - -3 - 33))?
55
Calculate 7 - (2554 + -2409 - (25 + -1)).
-114
Evaluate -35 - -11 - (-5 + (7 - 5) + 8).
-29
Calculate -102 - (171 + -70 + -195).
-8
Evaluate -15 + (4 - 2) + 35 + -36 + -33.
-47
What is the value of -53 + 52 + -44 + 95?
50
Calculate -75 + 156 + -103 - (32 - -1).
-55
72 + 0 - (134 + (9 - 118))
47
Evaluate 21 - (50 + 117 + -198).
52
-6 - ((12 - 8) + 5) - 16 - 13
-44
What is the value of -7 + 8 - (2 + (6 - 3) - (48 + -117))?
-73
Calculate (-44 - -34 - 79) + (-1 - -2 - 14) + -2.
-104
What is -6 + -1 + (-2 - 7 - -3)?
-13
What is the value of 32 + (-16 - (-11 + 0))?
27
What is -31 + (-6 - -12) - (-4 + 5)?
-26
-71 + 10 + 7 + (0 + 17 - 41)
-78
What is the value of 5 + (-6 - -13 - (6 + -1) - 13)?
-6
What is (-16 - -9) + (-871 - -837)?
-41
(46 - 1 - 0) + 0 - (-54 + 29 + 24)
46
Evaluate 2 + -3 + 0 - ((-17 - (-7 + 6)) + 5).
10
0 + -8 + (2 + -20 + 9 - -7) - -46
36
Calculate (72 - 67) + 13 + -18.
0
Evaluate (1 - (-30 + 0)) + (56 - (31 - -21)).
35
What is (56 - 109) + 76 - -9?
32
Evaluate 1 + 1 + 1 - (-9142 - -9170).
-25
Evaluate 0 + -3 - (-5 + 10) - (35 - 94 - -53).
-2
What is -3 + 1 + -4 - -3?
-3
46 + -38 + 35 + -27
16
What is (501 - 437) + (-6 - -14)?
72
Calculate 8 + (0 + 9 - (193 + -185) - -8 - 3).
14
(-154 + 131 - -11) + (78 - ((2 - 3) + -2))
69
What is (14 - -8) + 19 + -57?
-16
-3 - (-11 + 0 + 11 + -1 + -6)
4
Evaluate 30 + (-49 - (-17 + -18) - 15).
1
What is the value of (-4 - 7) + 3 + -84 + 57 + 17?
-18
Calculate 2 - (3 + (-1 - 3)) - (664 - 696).
35
What is -49 + -1 + 0 + (-210 - (193 - 412))?
-41
3 + 11 - ((-40 - -37) + (22 - -3))
-8
What is -17 + 94 + -105 - (-1 + -4)?
-23
Calculate 86 + -119 + (64 - 20).
11
What is -7 + (-14 + 13 - -4) + (72 + -3 - 3)?
62
What is -67 + (2 - (1 + 17)) + 18 + 10?
-55
What is -158 + 185 + (-2 - 5)?
20
What is the value of (-7 - 5 - -4) + (7 - 12 - -40) + 16?
43
What is the value of (-33 + 17 - (-2 - -5)) + 9 - -62?
52
Evaluate -109 + -1 + (-2094 - -2185).
-19
What is the value of (-78 - -42) + 42 - (-4 + 65)?
-55
What is 5 + 37 + (-61 - 9) + -8?
-36
Evaluate -115 + -26 - (12 - 78).
-75
Calculate -24 + -7 + 1 + -4 + -10 + 9.
-35
18 - (-4 + (24 - 3) + 13 + -1)
-11
Evaluate 0 + -9 - (39 + (-44 - -29) + -91).
58
-18 - (-57 - -42 - 22 - -19)
0
What is the value of (60 - 43) + -12 - (1 + -9) - (2 + -72)?
83
What is the value of 2 + -26 + (36 - (-32 + 31)) + 2?
15
-2 + 18 + -7 + (-31 - (-17 - 4))
-1
(20 + -7 - -5 - 5) + (6 + -38 - -133)
114
Evaluate 36 - (13 + 3 - 2).
22
What is 10 - (-1 - (-2 - 0)) - (99 + -313 - -169)?
54
Evaluate -1047 + 1026 + 1 + 67.
47
What is 13 + ((-27 - -57) + -139 - -24)?
-72
Evaluate -29 - -21 - -8 - (5 - (-5 + -33 + -4)).
-47
Calculate -2 + -16 + 0 + (-165 + 63 - -92) + 8.
-20
What is -39 + (-3 - (-1 - 3 - 8))?
-30
Calculate -61 + (-2 - -35) - 44 - (0 + 0 - -6).
-78
Evaluate (-10 - ((-5 - (8 + -25)) + -7)) + -26.
-41
What is (-1 - -37) + 26 + (-29 - -29) + -25?
37
What is (147 - 163 - (-12 + -3)) + -9?
-10
What is 10 + 5 + (-3 - (-2 + (3 - 0))) - -38?
49
-123 - ((-58 - -99) + -97)
-67
Evaluate 205 + -61 + -25 - 128.
-9
Calculate -37 + (9 - -7) - (-24 + 4).
-1
What is -89 + (179 - (58 + -97))?
129
What is -1 + (6 - 18 - -17) + 1 - 122 - 2?
-119
What is the value of 4 - (-17 + (111 - (-9 + 19))) - (9 + -2)?
-87
What is -49 + 3 + 50 - 9?
-5
What is the value of -32 + 94 + -24 + -61?
-23
Evaluate 7 + -8 + (0 - 2) + (13 - (-1 - -14)).
-3
68 + 2 + (-2 - (-12 + 14)) - (202 + -209)
73
Evaluate 11 + (-14 + 71 + -16 - -13) - -12.
77
Calculate -8 + (9 + -14 - (-73 + 9)) - 13.
38
What is the value of (19 + -51 - (4 - (7 + -10))) + -4?
-43
-24 + 15 - 5 - -8 - (-8 + -7)
9
What is the value of 8 + (24 + -17 - 12) + -3?
0
What is the value of -70 + (-35 - -62) + 89?
46
What is the value of -66 - ((1 - (-8 - (3 + -5))) + -3 + 2)?
-72
What is 10 + (3 - (-10 - (-15 + -7 + 9)))?
10
Evaluate (-14 - (13 - (-9 + 19))) + -16.
-33
Evaluate 3 + -7 + -1 - (-14 + 14 - -10).
-15
Evaluate -2 + 32 + -60 + 97 - 32.
35
What is the value of (147 - 9 - 111) + -165?
-138
Evaluate 64 + (8 + 25 - 7) + -33.
57
-1 + 64 - (50 - 83 - -35)
61
Evaluate (-393 - -391) + (7 - 3 - 1 - -9).
10
14 + -75 + -36 + 78
-19
What is the value of 10 + 5 - (84 + -34)?
-35
What is 11 + (6 - 9 - (4 - -18)) + -37?
-51
Calculate 16 - (63 + -16 + -25).
-6
What is the value of (56 - (71 - 4)) + (-1 - -16)?
4
Evaluate -50 + -8 + (6 - (-4 - -17)) + 12.
-53
What is 2 - ((4 - (15 - 18)) + -49 + 1)?
43
What is -56 - ((7 - 91) + 30)?
-2
23 + 0 + 10 + -7 + -2 + 12 + -8
28
What is the value of -23 + (17 - (-23 - -14)) - 8?
-5
-8 + 1 + 7 + (103 - (-1 + -13 + 8))
109
What is 16 + -21 - 8 - -4?
-9
What is -13 + (21 - -5) + (13 - 36)?
-10
What is (-11 - (-13 + -9 + 21)) + 33?
23
What is -143 + (-10 + 20 - 0) + -5 + (-24 - -9)?
-153
Evaluate (-33 + 28 - 15) + 7 + 0.
-13
Evaluate -21 + 7 + 25 + (5 - 0) + -7 - 70.
-61
Calculate (-3 - 26 - -103) + 6.
80
What is the 